hat is 244a512 + 201?
244a713
In base 14, what is -1b99 + -81d?
-25b8
In base 10, what is -181 + -523005?
-523186
In base 13, what is -2750 + 429?
-2324
In base 4, what is -2301 - 33111020321?
-33111023222
In base 11, what is 38547 + -3237?
35310
In base 11, what is -1524456 - -2?
-1524454
In base 7, what is -6113041 + -1065?
-6114136
In base 3, what is -22 + -200011121012?
-200011121111
In base 12, what is -9964 + -2313?
-10077
In base 6, what is 4003 - 305534?
-301531
In base 13, what is -4ca07b + -4?
-4ca082
In base 16, what is -911db4 + 3?
-911db1
In base 14, what is -5 - 438c7d0?
-438c7d5
In base 12, what is 5 - -21377605?
2137760a
In base 9, what is 167813 + -1440?
166363
In base 4, what is -111 - -2030023031?
2030022320
In base 7, what is -23210 - 10606?
-34116
In base 12, what is 17b - 16538a?
-16520b
In base 9, what is -18507 - -6466?
-12031
In base 8, what is 11 - 5627517?
-5627506
In base 6, what is -533300342552 - -2?
-533300342550
In base 9, what is -1 - -123342622?
123342621
In base 16, what is a0 - -1eb47?
1ebe7
In base 4, what is 0 - -102311101320?
102311101320
In base 11, what is 7576284 + 2?
7576286
In base 13, what is 5990bb - -b?
5990c9
In base 12, what is 49aa + 2765a?
30448
In base 12, what is -14 + -a341004?
-a341018
In base 16, what is 4b4 - -12727?
12bdb
In base 9, what is -5 + 61468?
61463
In base 9, what is -1500863 - 10?
-1500873
In base 10, what is 6384652 - 11?
6384641
In base 3, what is 202202110101102 - 2002?
202202110022100
In base 2, what is -11100010100 - 1110001011000110?
-1110100111011010
In base 3, what is -200000121 + 22120?
-122201001
In base 13, what is -141b74 + -24b?
-1420c2
In base 14, what is 42b7 - -a6?
437d
In base 7, what is 4 + -124455324?
-124455320
In base 4, what is -10330020113220 + 2?
-10330020113212
In base 15, what is 9672b - 703?
96028
In base 14, what is 284487 + 5?
28448c
In base 13, what is -245c7ca + -2?
-245c7cc
In base 14, what is 14719 - 108?
14611
In base 10, what is 6563876 - 11?
6563865
In base 9, what is -415 - 4131333?
-4131748
In base 9, what is 168531616 - -5?
168531622
In base 3, what is -22011212111112 - -101?
-22011212111011
In base 9, what is -75674 - 26?
-75711
In base 8, what is -256 + -142576?
-143054
In base 3, what is 211 + 202210222?
202211210
In base 10, what is 0 - -28700961?
28700961
In base 16, what is 6f8cfd - 3b?
6f8cc2
In base 14, what is -21290 - 6?
-21296
In base 14, what is 291b6 - 6?
291b0
In base 9, what is 573583567 - 4?
573583563
In base 5, what is 42 + -20312020041?
-20312014444
In base 13, what is -1 + 465240?
46523c
In base 16, what is 33 - -7f69d?
7f6d0
In base 14, what is 55ac5 + -138?
5598b
In base 6, what is -22412515420 + 1?
-22412515415
In base 12, what is a32a27b - -2?
a32a281
In base 6, what is -203320121 + -1?
-203320122
In base 6, what is 4142 + -104522?
-100340
In base 11, what is -25 + 8442474?
844244a
In base 13, what is 4 - -13ac398?
13ac39c
In base 3, what is 12221110101 - -100112?
12221210220
In base 12, what is 2 - -b1924604?
b1924606
In base 9, what is 253 + -110405?
-110142
In base 12, what is -785 - 16839?
-17402
In base 6, what is -140045 + -5335?
-145424
In base 2, what is -1110001000001011 + 110100001?
-1110000001101010
In base 13, what is 19 - 168235?
-168219
In base 16, what is -a50bdc - 8?
-a50be4
In base 8, what is -1463223 - -7?
-1463214
In base 7, what is 334155 - -252?
334440
In base 10, what is -16 - -714352?
714336
In base 9, what is -1366340 + 2?
-1366337
In base 14, what is 11 + -4d7b0a?
-4d7ad9
In base 6, what is 505510 + -3032?
502434
In base 11, what is 4243639 - 13?
4243626
In base 14, what is 262cb65 + -10?
262cb55
In base 7, what is -164632 - -41?
-164561
In base 12, what is 2 + 976b7a?
976b80
In base 2, what is -1100011001010000 + -100001000001?
-1100111010010001
In base 4, what is 1 - -1231010130000?
1231010130001
In base 16, what is 1a2 + 81be?
8360
In base 4, what is -20 + 22020021001?
22020020321
In base 7, what is 3 + 145221115?
145221121
In base 2, what is -111000110111010000000100 - 101?
-111000110111010000001001
In base 4, what is 1130130 - 2100?
1122030
In base 11, what is 5 - -52a63aa?
52a6404
In base 2, what is -111100100110010101 - -1001011?
-111100100101001010
In base 11, what is 3818490 - 10?
3818480
In base 16, what is -c + -24224?
-24230
In base 14, what is dc82 - -5142?
14dc4
In base 7, what is -1413 + -436005?
-440421
In base 9, what is 6 - 1225375?
-1225368
In base 10, what is 1047543 - -20?
1047563
In base 12, what is 625589 + 3?
625590
In base 4, what is -10202211203012 + 2?
-10202211203010
In base 4, what is 132003 - -100301103?
101033112
In base 5, what is -413342 - 1402?
-420244
In base 13, what is -8b4ba + 284?
-8b236
In base 2, what is 1 + 10010110010001011011101001010?
10010110010001011011101001011
In base 15, what is -170d2 + -598?
-1767a
In base 16, what is -a + 42c38?
42c2e
In base 13, what is -2669 - 4827?
-7193
In base 10, what is 270 - 38744?
-38474
In base 2, what is -11011110110000011 + -1000101101?
-11011111110110000
In base 15, what is 4d4b2836 + -2?
4d4b2834
In base 4, what is 11201110301 + 21?
11201110322
In base 12, what is 47 - -6690bb?
669146
In base 8, what is -6 - 65427226?
-65427234
In base 11, what is 66705 + -755?
65a60
In base 16, what is -28fbb - -63?
-28f58
In base 12, what is -1 - 1350068?
-1350069
In base 4, what is 1221200 - 2021113?
-133313
In base 11, what is 2963 + 1739?
45a1
In base 2, what is -1000010010111 + 10100110100101001?
10011110010010010
In base 16, what is 1fca1e - -2?
1fca20
In base 4, what is 1201322 - -10132110?
12000032
In base 12, what is 353975 - -11?
353986
In base 15, what is -524 - 164a?
-1b6e
In base 5, what is 220143302 + 1240?
220200042
In base 13, what is 149 - 3b2?
-266
In base 13, what is -982 - -5849?
4b97
In base 9, what is -2 - 6085632?
-6085634
In base 2, what is -1000 - 11101100110001001101?
-11101100110001010101
In base 4, what is 222301 + 33230?
322131
In base 6, what is -5 + 430405455?
430405450
In base 12, what is 1 + 2b905365?
2b905366
In base 16, what is 6ee629 + -4?
6ee625
In base 14, what is -98670bc + 0?
-98670bc
In base 11, what is 49a5 + -aa6?
39aa
In base 11, what is 2 - 13a5a772?
-13a5a770
In base 6, what is -155115 + -4201?
-203320
In base 10, what is 13 + -212523?
-212510
In base 3, what is 2200000 - -1200212202?
1210112202
In base 5, what is -10103330 - -22?
-10103303
In base 12, what is -325506a - 5?
-3255073
In base 10, what is 33540 + -35?
33505
In base 13, what is -2061 + -5b6?
-2647
In base 9, what is -351326 - 27?
-351354
In base 7, what is 123033 + 4554?
130620
In base 3, what is -10 + -220111001112010?
-220111001112020
In base 4, what is -3 + 11222200303103?
11222200303100
In base 11, what is -47834 + -190?
-47a14
In base 16, what is 986 + 659b?
6f21
In base 9, what is -3745 - -15248?
11403
In base 14, what is 38a + 1b596?
1b942
In base 3, what is 101021022202012 - -11?
101021022202100
In base 10, what is 0 - 2008399?
-2008399
In base 10, what is -2 + -14584416?
-14584418
In base 6, what is 23 + 20233352?
20233415
In base 9, what is 0 - 32037207?
-32037207
In base 16, what is 2c1cb - -3f?
2c20a
In base 14, what is 2d7a - a0b?
236d
In base 13, what is 1 + -14398062?
-14398061
In base 5, what is 101413130 + 112?
101413242
In base 12, what is -4592 + -2450?
-6a22
In base 9, what is -20470033 - -12?
-20470021
In base 13, what is -477b + -a511?
-11c8c
In base 16, what is 54 - 2988?
-2934
In base 6, what is 215515004 + -5?
215514555
In base 12, what is -30a2607 - -3?
-30a2604
In base 11, what is -35107 + -97?
-351a3
In base 10, what is -5 + 7858971?
7858966
In base 7, what is 4462 + -3452341?
-3444546
In base 4, what is -230310201310 - -11?
-230310201233
In base 8, what is 1 + -44700600?
-44700577
In base 7, what is 31622613 - 253?
31622330
In base 10, what is 324312 - 1070?
323242
In base 16, what is 53a - -6a78?
6fb2
In base 4, what is -1331033 - -121233?
-1203200
In base 10, what is 819569 - 18?
819551
In base 13, what is -6 - 21a10990?
-21a10996
In base 7, what is -642545 + -10333?
-653211
In base 13, what is -8a36 + -7393?
-130c9
In base 15, what is -6e42d8 - -9?
-6e42ce
In base 16, what is -113da8bc + 5?
-113da8b7
In base 12, what is 5b2 + -47b6?
-4204
In base 13, what is b - 3049416?
-3049408